est common factor of 146731 and 702?
13
What is the greatest common divisor of 128745 and 55?
5
Calculate the highest common divisor of 15444 and 69212.
572
Calculate the highest common divisor of 30 and 298470.
30
Calculate the highest common factor of 19035 and 22560.
705
What is the greatest common factor of 24042 and 54?
6
Calculate the highest common divisor of 161 and 2702.
7
What is the highest common divisor of 315744 and 32?
32
Calculate the greatest common divisor of 235 and 3760.
235
Calculate the highest common factor of 143300 and 100.
100
Calculate the greatest common factor of 324 and 2597508.
324
Calculate the highest common divisor of 19538346 and 114.
114
What is the greatest common factor of 30464 and 238?
238
What is the greatest common divisor of 2272913 and 38?
19
What is the highest common divisor of 40 and 910?
10
What is the highest common divisor of 5293 and 19908?
79
What is the greatest common divisor of 5848 and 120056?
344
What is the highest common divisor of 1610109 and 18?
9
What is the highest common divisor of 645 and 2451?
129
What is the greatest common divisor of 14550 and 54708?
582
Calculate the highest common divisor of 654 and 16677.
327
What is the greatest common divisor of 13 and 2569580?
13
Calculate the highest common divisor of 217 and 791.
7
Calculate the highest common factor of 6008 and 1784.
8
What is the greatest common factor of 11742 and 190?
38
Calculate the highest common divisor of 2107 and 1027313.
301
What is the highest common divisor of 399 and 69153?
21
Calculate the greatest common factor of 14553 and 5082.
231
What is the highest common divisor of 14315 and 35?
35
What is the greatest common divisor of 184 and 10925?
23
Calculate the highest common factor of 49406 and 28.
14
Calculate the highest common factor of 3222 and 4707.
9
What is the greatest common divisor of 291127 and 554?
277
Calculate the highest common divisor of 368 and 417008.
16
Calculate the highest common divisor of 213499 and 143.
143
What is the highest common factor of 225 and 1440?
45
What is the highest common divisor of 32 and 10224?
16
What is the greatest common divisor of 183280 and 640?
80
What is the greatest common divisor of 1347641 and 85?
17
Calculate the greatest common factor of 209 and 1837.
11
Calculate the highest common factor of 68 and 154496.
68
What is the highest common factor of 79 and 36735?
79
What is the greatest common factor of 1046011 and 59?
59
What is the highest common factor of 85 and 32147?
17
Calculate the highest common divisor of 245 and 2765.
35
Calculate the highest common divisor of 846899 and 181.
181
What is the greatest common divisor of 3444 and 924?
84
Calculate the highest common factor of 43992 and 4606.
94
Calculate the greatest common divisor of 734 and 7274.
2
Calculate the greatest common divisor of 12183 and 11397.
393
What is the greatest common factor of 10366 and 94146?
142
What is the greatest common divisor of 454694 and 2074?
122
What is the greatest common factor of 3 and 6891?
3
Calculate the highest common factor of 12123 and 9288.
27
Calculate the greatest common divisor of 15745 and 26063.
67
What is the highest common divisor of 66836 and 4?
4
What is the greatest common factor of 642864 and 1062?
354
What is the highest common factor of 211 and 625193?
211
What is the highest common divisor of 1223959 and 22?
11
What is the greatest common divisor of 32860 and 7130?
310
Calculate the highest common factor of 57949 and 1735.
347
What is the highest common divisor of 131226 and 36?
6
What is the greatest common divisor of 657 and 4572?
9
What is the highest common factor of 72761 and 247?
13
What is the highest common divisor of 164 and 1189?
41
What is the highest common divisor of 128 and 3312?
16
What is the highest common factor of 2914 and 4888?
94
What is the greatest common factor of 291 and 8051?
97
Calculate the greatest common factor of 2707380 and 2.
2
Calculate the greatest common factor of 363 and 293788.
121
What is the highest common divisor of 23041561 and 23?
23
What is the highest common factor of 24747 and 1752?
219
What is the greatest common divisor of 16 and 92512?
16
What is the greatest common factor of 105966 and 252?
126
What is the highest common factor of 1240 and 70835?
155
What is the greatest common factor of 110 and 593714?
22
Calculate the greatest common factor of 33431 and 404.
101
What is the highest common factor of 29604 and 336?
12
What is the greatest common divisor of 97740 and 1620?
540
What is the highest common factor of 3062995 and 325?
65
Calculate the greatest common factor of 5735 and 2960.
185
Calculate the highest common factor of 45088 and 96.
32
What is the greatest common factor of 18944 and 481?
37
Calculate the highest common divisor of 20910 and 738.
246
What is the greatest common divisor of 2448 and 1008?
144
What is the highest common factor of 744 and 3792?
24
What is the highest common divisor of 2062 and 17727014?
2062
Calculate the highest common factor of 48 and 131448.
24
Calculate the highest common factor of 262987 and 2454.
409
Calculate the greatest common factor of 5219 and 425.
17
What is the highest common factor of 680 and 17867?
17
What is the greatest common factor of 299320 and 8?
8
Calculate the greatest common divisor of 424856 and 56.
8
Calculate the highest common factor of 12 and 34440.
12
What is the greatest common factor of 386396 and 464?
116
Calculate the greatest common factor of 241728 and 72.
24
What is the highest common factor of 708 and 86612?
236
Calculate the greatest common factor of 389216 and 32.
32
Calculate the greatest common factor of 185 and 98535.
5
What is the highest common factor of 67 and 27403?
67
What is the greatest common divisor of 1055 and 755?
5
What is the greatest common factor of 192506 and 12389?
953
Calculate the greatest common divisor of 1635 and 1500.
15
What is the greatest common divisor of 170925 and 180?
15
Calculate the greatest common divisor of 19848 and 96.
24
What is the greatest common factor of 43288 and 28?
28
What is the greatest common divisor of 748 and 3124?
44
Calculate the highest common factor of 92535 and 5.
5
What is the highest common factor of 250826 and 6?
2
What is the greatest common divisor of 999 and 30747?
111
What is the highest common divisor of 30250 and 50094?
242
What is the greatest common factor of 120 and 807288?
24
Calculate the highest common factor of 2037 and 6447.
21
What is the greatest common divisor of 61306 and 87?
29
Calculate the highest common factor of 6660 and 36852.
444
Calculate the highest common factor of 206 and 19879.
103
Calculate the greatest common factor of 3735 and 495.
45
Calculate the greatest common divisor of 5143 and 8399.
37
What is the greatest common divisor of 495 and 198?
99
Calculate the greatest common divisor of 88640 and 1920.
320
What is the highest common factor of 751 and 8242225?
751
What is the highest common factor of 124501 and 234?
13
Calculate the highest common divisor of 226 and 1280.
2
Calculate the greatest common divisor of 85 and 2799917.
17
Calculate the highest common factor of 1378528 and 138.
46
What is the greatest common factor of 176 and 141416?
88
What is the highest common divisor of 268 and 216812?
268
What is the highest common divisor of 322265 and 5?
5
What is the greatest common factor of 38 and 47557?
19
Calculate the greatest common factor of 2512 and 793007.
157
Calculate the highest common divisor of 3661 and 174159.
523
Calculate the highest common factor of 58 and 159674.
58
Calculate the greatest common factor of 6971993 and 1246.
623
Calculate the greatest common factor of 318 and 179193.
159
What is the greatest common divisor of 12 and 465?
3
Calculate the highest common factor of 356475 and 275.
25
Calculate the greatest common divisor of 224663 and 11430.
127
What is the greatest common factor of 301320 and 5670?
810
What is the highest common factor of 83465 and 10?
5
Calculate the highest common factor of 231 and 589281.
231
What is the greatest common divisor of 141704 and 8?
8
Calculate the highest common factor of 2759 and 4619.
31
What is the highest common divisor of 111 and 155733?
111
What is the g